 = -8*b + 10*b - 6814. Is b a prime number?
True
Let h(a) = -50*a**3 - 4*a**2 - 21*a + 4. Is h(-5) a composite number?
True
Suppose 2*q + 2 = 6*q + 2*p, 5*q + p - 10 = 0. Suppose 3*i + q*z = 936, 4*z = 5*i - 0*i - 1515. Is i composite?
False
Let a be ((-14032)/20)/((-3)/15). Suppose -a = -5*h + 2*m + 687, 0 = 2*h - 4*m - 1662. Is h a prime number?
False
Suppose 0 = 5*l + 993 - 68. Let d = l - -319. Is d prime?
False
Suppose -3*l + 0*l + 84 = 0. Let n be (-1 - 18)/((-7)/l). Suppose -5*c = -n - 109. Is c a prime number?
True
Let m(p) = 108*p**2 - 3*p + 5. Is m(-2) a prime number?
True
Let s = -11 - -20. Is (-1)/(3/(-1094))*s/6 prime?
True
Suppose -5*c - 47 = -a, -19 = 4*a - 2*c - 279. Suppose a*y - 2099 = 66*y. Is y composite?
False
Suppose -z + 0*z + 9705 = 2*l, 0 = 4*z - l - 38811. Is z composite?
True
Let p = 226 + -604. Let a = p - -1139. Is a a prime number?
True
Let t(y) = y**2 + 17*y + 33. Let d be t(-14). Is (-4)/12 + (-4926)/d prime?
True
Suppose 2*k - z = 6*k + 4710, 4*k = -5*z - 4718. Let u = k + 1928. Suppose 2*x = u + 67. Is x composite?
False
Let g = 6 + -7. Let p be g*46*(-6)/(-4). Let c = p - -148. Is c composite?
False
Let x(b) = -b**3 - 6*b**2 - 3*b + 6. Let r be x(-5). Let h be (-235)/(r + 0 + 3). Suppose 3*g - h = 2*g. Is g composite?
True
Suppose -2*u = u + 2*m - 431, -2*u + 288 = 2*m. Is u prime?
False
Let p be 1/(-3)*-9 + 635. Let r = -303 + p. Is r composite?
True
Is (-306172)/(-14) + ((-304)/56 - -5) composite?
True
Is ((-796222)/21)/(-2)*3 a composite number?
False
Suppose -2*t + 6450 = -2*o, -3*o - 1020 + 4261 = t. Is t a composite number?
False
Let k(j) = -6*j - 10. Let o be k(-10). Suppose c - o = 39. Is c a composite number?
False
Let u be (-3)/12*2*0. Suppose -5*d = -u*d - 25. Suppose 5*x + 63 = -j + 4*j, -d*x = 4*j - 84. Is j a prime number?
False
Let r(d) = 2*d - 8. Let y be r(2). Let f(n) = -24*n**3 - 5*n**2 - 6*n - 2. Is f(y) a prime number?
False
Let f = -40 + 40. Is 60/12*(f + 541) a prime number?
False
Let l(h) = h + 1. Let p be l(1). Suppose -j + 99 = 4*q, -p*q - 417 = -4*j - 39. Let y = j - 62. Is y prime?
False
Let x(o) = 514*o**2 + 3*o - 27. Is x(-4) a composite number?
True
Let d(z) = 66*z**2 - 4*z + 25. Is d(-7) a prime number?
False
Is ((-422)/(-2))/((117/169)/9) prime?
False
Suppose 34030 = 5*w - 3*g, -4*g + 27192 = -53*w + 57*w. Is w composite?
False
Let o(w) = -2*w + 4. Let d be o(2). Suppose -11*i + 6435 + 704 = d. Is i a prime number?
False
Let m = -5 - -9. Suppose 3*o + 126 = 5*z, -2*o + 0*o + 114 = m*z. Let i = z + 10. Is i prime?
True
Let j be ((-94)/(-141))/((-1)/(-6)). Let p be 2 - (1*-2 - 2). Let f = p + j. Is f a composite number?
True
Suppose 11*n = 75516 + 83731. Is n a composite number?
True
Suppose 4552 = 13*l - 11516. Suppose l - 4215 = -3*n. Is n prime?
False
Let y be ((-8)/(-12))/(2/12). Suppose h = y*h + 6, -o + 4*h = -375. Is o composite?
False
Let z be (40/25 + -2)*-5. Suppose -2*c + z*w - 6 = 0, -2*c + w - 4*w = -19. Suppose -4*l - 3*u + 1226 = -c*u, -4*l + 4*u + 1236 = 0. Is l a prime number?
True
Let x be (-7)/14 - (-326)/(-4). Let i = x + 55. Let p = i - -50. Is p composite?
False
Let b(r) = -3 + 3 - 671*r - 1 + 7. Is b(-7) a prime number?
True
Let z(u) = 427*u + 3. Let g(j) = -427*j - 3. Let t(l) = -3*g(l) - 2*z(l). Let c be t(6). Suppose 0 = 6*a - 2*a + 2*f - 2566, -c = -4*a - f. Is a a prime number?
True
Let i = 1900 - 785. Is i prime?
False
Suppose -3*j + 18365 = 4*a, 5*a = j - 3080 - 3029. Is j a prime number?
False
Let v(a) = 2*a - 2. Suppose 0 = 5*m - 0*m - 15. Let p be v(m). Let w = p + 9. Is w a composite number?
False
Let m(c) = -4*c**3 + 11*c**3 - 11 - 9*c**2 - 6*c**3 - 13*c. Is m(14) composite?
False
Let h = 11274 - 6541. Is h composite?
False
Let u = -2758 + 6327. Is u a composite number?
True
Suppose -3*x + 6161 = 2*d, 12316 = 5*d - d + 4*x. Is ((-42)/(-8) - 5)*d a prime number?
True
Suppose 0 = -g + 5*g - 168. Let p(t) = 2*t - 6*t - 2 - 3*t + g*t**2. Is p(-3) prime?
True
Let u be ((-152)/(-6))/((-18)/(-27)). Let a(o) = -9 - 4 + 0 + 4 + u*o. Is a(10) prime?
False
Let k = -40 + 68. Is 483/(-14)*k/(-6) a prime number?
False
Let y be (0 - 2) + -124 + (3 - 0). Let o = y - -182. Is o a composite number?
False
Let l(q) = 2*q**3 + 5*q**2 - 5*q + 5. Let i(p) = -11*p**3. Let m be i(-1). Let j = m - 6. Is l(j) a prime number?
False
Suppose -7256 = -3*a + w, -a + 5*a - 2*w - 9674 = 0. Is a prime?
False
Let y(r) = -r**3 - 13*r**2 + 33*r + 127. Is y(-30) composite?
False
Suppose 5*p + 78640 = 5*u, 0 = -4*u - 0*u - 5*p + 62903. Is u a prime number?
True
Let a(x) = x**2 - 8*x + 7. Let y be a(7). Suppose -2*c - 530 = -5*u, -u - 3*c - c + 106 = y. Is u composite?
True
Let s(g) = -20*g**3 + 3*g**2 - 13*g + 29. Is s(-9) composite?
False
Let l = 2905 + 2250. Is l a prime number?
False
Let m = 6118 + 1699. Is m composite?
False
Is 223/(((-110)/(-319))/10) composite?
True
Suppose v - 20689 = 4*k, 0 = -4*v - 28*k + 32*k + 82792. Is v a prime number?
False
Let c(x) = 148*x**2 - 11*x - 4. Suppose -4*g + 3*o - 24 = 0, -o + 1 = -3. Is c(g) a composite number?
False
Suppose 0 = -5*a + 15, 55298 - 7459 = 5*p - 2*a. Is p a prime number?
False
Suppose -654 = 26*z - 30*z + q, z + 3*q - 157 = 0. Is z a prime number?
True
Let h = 5197 - 2684. Is h a prime number?
False
Suppose -4*n = 5*x - 7352, n + 3*x = -2*x + 1838. Is n composite?
True
Let h(j) = -j. Let u(b) = 452*b**2 + 8*b + 2. Let v(w) = 5*h(w) + u(w). Is v(-1) composite?
True
Suppose 0 = -5*o + 5*u - 15, 0*u = 5*o + u - 9. Is (2 - o)/((-1)/(-295)) a composite number?
True
Let i be 3 + 2/2 + 830. Suppose -4*q + i + 798 = -4*a, -a + 5 = 0. Is q a composite number?
True
Let t be (3 + 3)*(-1)/2. Let n be 5/((-3)/t - 0). Suppose 3*x + l + 185 - 612 = 0, 161 = x + n*l. Is x a composite number?
True
Suppose -7*k + 130 = -9*k. Is k/(-9) + 4/(-18) prime?
True
Let m(t) = -24*t**3 - 7*t**2 - 9*t + 1. Is m(-6) a prime number?
True
Suppose -a + 1 = f, 0*f - 2*f + 4 = 3*a. Suppose 7*n - 360 = a*n. Suppose 85 = j - n. Is j a prime number?
True
Suppose 0 = 5*a + 3*b - 3 + 9, a + 5*b + 10 = 0. Let p = a - -6. Suppose p*h = 3713 - 695. Is h a prime number?
True
Let q(w) = -4*w**3 + 6*w**2 - 11*w - 22. Let o(a) = 3*a**3 - 7*a**2 + 10*a + 21. Let d(g) = 5*o(g) + 4*q(g). Is d(-12) composite?
False
Let d be 3/(3/4)*(-7)/(-28). Is 6 - 4 - (-2 - 258/d) prime?
False
Let a = 243 - 503. Let b = 1321 + a. Is b a composite number?
False
Let t be ((-17488)/(-6))/(1/3). Let s = t - 4661. Is s/11 - 4/22 a composite number?
True
Let q be -2*-687*(-3)/(-6). Suppose q + 93 = 5*s. Is (-52)/6*s/(-8) a composite number?
True
Suppose h + 3*y = 1, -2*h + 1 = 5*y - 0. Is 34*(h/12)/((-1)/201) a prime number?
False
Let q(s) = -1824*s + 403. Is q(-12) prime?
True
Let r(v) = -297*v - 119. Is r(-30) prime?
False
Let w = -5 + 9. Let m(c) = c**3 + 15*c**2 + 13*c + 15. Let q be m(-14). Let b = w + q. Is b composite?
True
Let r(m) = -63*m - 1. Let w(s) = 32*s + 1. Let n(p) = 4*r(p) + 9*w(p). Is n(3) a prime number?
True
Suppose -2*r - 3127 + 9057 = 0. Is r a composite number?
True
Suppose 2*f = -4*h - 1768, 2*h + 3 = -h. Let w = -455 - f. Is w a composite number?
True
Let o(i) = 132*i - 1. Let g be 2 - ((-28)/4 - -1). Let k(c) = c**3 - 8*c**2 + c - 7. Let v be k(g). Is o(v) composite?
False
Let x = -1 - 1. Let u = x - -4. Suppose 4*k - 638 = u*k. Is k a prime number?
False
Let t(g) be the second derivative of g**5/20 - g**4/2 + 7*g**3/6 + g**2/2 - 14*g. Is t(9) a prime number?
True
Suppose -2*l = -5*i + 10, -2*l + 5*l + 15 = 0. Let o be (-5 - i)*14/(-35). Suppose -206 = -4*a + o*a. Is a composite?
False
Let a(u) = -2*u**2 + u + 10. Let x be a(9). Is 1 + (-10)/5 - x a composite number?
True
Is (14588/10)/((-14)/(-35)) prime?
False
Let w = -13002 - -6424. Let t = w + 11167. Is t a prime number?
False
Let f be (2 - (-3)/(-1))/(-1). Let q(s) = 216*s**3 + s. Is q(f) a composite number?
True
Is (895/(-2))/(15/(-30)) prime?
False
Let p(w) be the second derivative of -3*w**5/20 + w**4/3 + 2*w**3/3 + w**2 - 39*w. Is p(-2) a composite number?
True
Let a be (-42)/(-3) + 3 + 3. Let p(x) = x**3 + 3*x**2 - 2*x. Let u be p(-3). Suppose a = -4*k + u*k. Is k composite?
True
Let m = 1705 - -1092. Is m composite?
False
Let s(x) = -x**2 - 2. Let y be s(0). Let h be -2 + 20/(6 + y). Suppose u + 2*u - 1